a prime number?
False
Is 3629831 a composite number?
False
Is 546523 composite?
False
Is 103369 a prime number?
False
Is 42635 prime?
False
Is 13591 a composite number?
False
Is 5765 prime?
False
Is 212689 composite?
True
Is 104399 prime?
True
Is 74461 composite?
True
Is 8129 prime?
False
Is 507733 a prime number?
False
Is 241807 a composite number?
False
Is 701 composite?
False
Is 7393 a composite number?
False
Is 26473 a composite number?
True
Is 2942843 prime?
True
Is 80309 a prime number?
True
Is 88643 a composite number?
False
Is 10477 a prime number?
True
Is 10973 prime?
True
Is 54647 composite?
False
Is 94279 a composite number?
True
Is 2183 a composite number?
True
Is 35569 a composite number?
False
Is 78157 a composite number?
False
Is 3847 a composite number?
False
Is 1040053 a prime number?
False
Is 2517121 prime?
True
Is 215893 a composite number?
False
Is 217213 prime?
False
Is 942719 composite?
False
Is 743 a composite number?
False
Is 831223 prime?
False
Is 1316591 a composite number?
False
Is 22837 a prime number?
False
Is 190697 prime?
False
Is 52343 a composite number?
True
Is 280759 composite?
False
Is 52795 a prime number?
False
Is 10481 a prime number?
False
Is 171391 prime?
False
Is 4699 prime?
False
Is 366287 composite?
False
Is 7559 prime?
True
Is 11073 composite?
True
Is 8746 a composite number?
True
Is 266201 a prime number?
False
Is 22343 prime?
True
Is 2439953 composite?
False
Is 26843 a composite number?
True
Is 344849 composite?
True
Is 79795 a composite number?
True
Is 328007 prime?
True
Is 138665 prime?
False
Is 63373 prime?
False
Is 239993 composite?
True
Is 205703 a prime number?
True
Is 867469 a prime number?
False
Is 7609 prime?
False
Is 6803 a prime number?
True
Is 120767 a prime number?
True
Is 267389 prime?
True
Is 397 prime?
True
Is 4661 composite?
True
Is 23981 prime?
True
Is 19829 prime?
False
Is 45523 a prime number?
True
Is 8934833 prime?
False
Is 40731 composite?
True
Is 8083 composite?
True
Is 348807 composite?
True
Is 379 composite?
False
Is 3110401 prime?
False
Is 5647 prime?
True
Is 178617 a prime number?
False
Is 8287 a composite number?
False
Is 71663 prime?
True
Is 803171 a prime number?
True
Is 536545 a prime number?
False
Is 37393 a composite number?
True
Is 182953 composite?
False
Is 92551 prime?
True
Is 1295339 composite?
False
Is 15569 prime?
True
Is 126587 composite?
True
Is 3905879 composite?
False
Is 5129 composite?
True
Is 3251 composite?
False
Is 21893 a composite number?
False
Is 278771 a composite number?
True
Is 20071 composite?
False
Is 3457 a prime number?
True
Is 7817 prime?
True
Is 1300633 composite?
False
Is 6779 a composite number?
False
Is 6982 a composite number?
True
Is 889 prime?
False
Is 41077 composite?
False
Is 44686 a prime number?
False
Is 177107 prime?
False
Is 21253 composite?
True
Is 614018 a composite number?
True
Is 701 a composite number?
False
Is 143093 a prime number?
True
Is 40601 a prime number?
False
Is 892313 composite?
True
Is 26735 a prime number?
False
Is 224401 a prime number?
True
Is 3163 a composite number?
False
Is 696999 composite?
True
Is 224311 composite?
True
Is 113591 composite?
False
Is 1591 composite?
True
Is 385001 a prime number?
True
Is 26801 a prime number?
True
Is 9193 prime?
False
Is 10427 composite?
False
Is 186469 prime?
True
Is 9053 a prime number?
False
Is 67043 a prime number?
True
Is 45389 a composite number?
False
Is 884803 prime?
True
Is 30298 a prime number?
False
Is 49613 prime?
True
Is 2249 prime?
False
Is 7993 composite?
False
Is 2994209 prime?
False
Is 2063623 prime?
False
Is 42061 a prime number?
True
Is 12387 a prime number?
False
Is 5497 a prime number?
False
Is 1269493 a composite number?
False
Is 6169 composite?
True
Is 27239 composite?
False
Is 61813 a composite number?
False
Is 114859 a prime number?
True
Is 100447 a composite number?
False
Is 681971 a prime number?
True
Is 5357 composite?
True
Is 85937 a prime number?
False
Is 6887 a prime number?
False
Is 181433 a composite number?
True
Is 83407 prime?
True
Is 30035 a composite number?
True
Is 2099 a prime number?
True
Is 36949 composite?
True
Is 93293 a composite number?
True
Is 26167 composite?
True
Is 1877573 composite?
False
Is 37427 composite?
True
Is 106417 a prime number?
True
Is 5959 composite?
True
Is 647 a composite number?
False
Is 27433 composite?
True
Is 22537 a prime number?
False
Is 22601 a prime number?
False
Is 15185 a composite number?
True
Is 20561 a composite number?
True
Is 121853 prime?
True
Is 596489 composite?
False
Is 791753 prime?
False
Is 73907 a composite number?
False
Is 2852429 a composite number?
False
Is 9197 a composite number?
True
Is 44017 prime?
True
Is 39469 composite?
True
Is 13523 a composite number?
False
Is 2639809 a composite number?
False
Is 89371 prime?
True
Is 991671 a prime number?
False
Is 46837 a composite number?
True
Is 466409 a prime number?
True
Is 33895 a prime number?
False
Is 211 prime?
True
Is 228181 composite?
False
Is 9229 a composite number?
True
Is 67 prime?
True
Is 60226 a prime number?
False
Is 9239 a composite number?
False
Is 36523 prime?
True
Is 15161 a composite number?
False
Is 679191 prime?
False
Is 239831 a composite number?
False
Is 608815 a prime number?
False
Is 30133 a prime number?
True
Is 1895 prime?
False
Is 114407 composite?
False
Is 11962 composite?
True
Is 61813 prime?
True
Is 25031 composite?
False
Is 11113 a composite number?
False
Is 55579 a prime number?
True
Is 11189 prime?
False
Is 31643 composite?
False
Is 87179 composite?
False
Is 265297 composite?
True
Is 86083 prime?
True
Is 17159 a prime number?
True
Is 546233 composite?
False
Is 8117 prime?
True
Is 331105 composite?
True
Is 203861 composite?
True
Is 13873 a prime number?
True
Is 5903 prime?
True
Is 58251 a composite number?
True
Is 81509 a prime number?
True
Is 16049 a composite number?
True
Is 4883 a prime number?
False
Is 121229 prime?
True
Is 142211 composite?
False
Is 8143 a prime number?
False
Is 63079 a prime number?
True
Is 133885 a composite number?
True
Is 6947 composite?
False
Is 56837 a prime number?
False
Is 224401 composite?
False
Is 468397 a composite number?
True
Is 5579 a prime number?
False
Is 1380146 prime?
False
Is 36467 a prime number?
True
Is 137689 a prime number?
False
Is 1527 composite?
True
Is 1124798 a composite number?
True
Is 6927 a prime number?
False
Is 59971 a composite number?
False
Is 2782567 a composite number?
False
Is 125917 a composite number?
True
Is 617039 prime?
True
Is 368189 prime?
True
Is 155577 prime?
False
Is 45037 prime?
False
Is 981538 a composite number?
True
Is 46301 a composite number?
False
Is 17137 a composite number?
False
Is 954283 a prime number?
False
Is 23602 composite?
True
Is 2959469 a composite number?
False
Is 12451 a composite number?
False
Is 2333 composite?
False
Is 324461 a prime number?
False
Is 9239 a prime number?
True
Is 522985 a prime number?
False
Is 331 a composite number?
False
Is 2429 a composite number?
True
Is 155609 a composite number?
False
Is 5839 composite?
False
Is 1033271 a composite number?
False
Is 26371 a composite number?
False
Is 1511 a composite number?
False
Is 1087 a prime number?
True
Is 53047 prime?
True
Is 1417669 a prime number?
False
Is 157 a composite number?
False
Is 11539 composite?
True
Is 594343 a composite number?
True
Is 11351 prime?
True
Is 331373 a prime number?
False
Is 18489 composite?
True
Is 39961 a composite number?
True
Is 101143 prime?
False
Is 919 composite?
False
Is 26167 a prime number?
False
Is 104071 composite?
True
Is 215549 a prime number?
False
Is 124513 a prime number?
True
Is 7817 a composite number?
False
Is 39205 prime?
False
Is 26489 composite?
False
Is 1337 composite?
True
Is 247511 prime?
False
Is 6803 prime?
True
Is 72129 prime?
False
Is 22207 a composite number?
True
Is 553337 composite?
True
Is 245899 a composite number?
False
Is 19237 prime?
True
Is 40643 a composite number?
True
Is 1267501 a prime number?
True
Is 169171 a prime number?
False
Is 25255 prime?
False
Is 2557 a prime number?
True
Is 14923 composite?
False
Is 418727 a prime number?
False
Is 46955 a composite number?
True
Is 96137 a composite number?
False
Is 38261 a composite number?
False
Is 67069 composite?
True
Is 5039 prime?